 4 + -16 + -10 + 11.
-11
What is (-5 - -2) + 8 + -2?
3
Calculate -1 + (5 - 4) - (4 - 1).
-3
Evaluate -3 + (-2 - (3 - 7)).
-1
What is 1 - 3 - (7 - (4 - -1))?
-4
-9 + (-20 - -8) + 18
-3
Evaluate -1 + (4 + -11 + -5 - -6).
-7
What is the value of 4 + -10 + 0 + 2 + -1?
-5
Evaluate 0 + -3 + 1 + -6 + 3.
-5
Evaluate 6 - (-10 - -17 - 2).
1
Evaluate -5 - (-1 - 2 - 1).
-1
What is 14 + -10 - (0 + 8)?
-4
0 + -3 + (4 - 5)
-4
What is the value of 24 + -29 - (-2 - 1)?
-2
Calculate 1 - 0 - (-1 + (-6 - -3)).
5
-8 - (12 - 10) - -5
-5
-5 + -4 + -3 + 7
-5
Evaluate (3 - 8) + (9 - 8).
-4
What is the value of -7 - (4 - -2 - 6) - -5?
-2
What is -4 + 1 + -6 + 1 + 2?
-6
Calculate (21 - 30) + (5 - 1).
-5
3 - (-2 - -1 - (7 + -8))
3
Evaluate (-3 - (1 + 3)) + 3.
-4
What is the value of 1 - (-2 - -5 - 1) - 4?
-5
1 + -7 + 2 + 8
4
0 - (2 + -3 + -1 + -3)
5
-4 - (-3 + 3 + -2)
-2
Evaluate (-2 - ((-2 - -4) + -5)) + -3.
-2
What is the value of (-1 - (4 + 8)) + 5?
-8
Calculate -3 - (7 - 10) - 0.
0
What is the value of -3 + 4 + (0 - 0)?
1
What is 4 + -6 + (10 - 4)?
4
What is 10 - (4 + -1 + 2)?
5
What is the value of -2 - ((1 - 2) + -4)?
3
Evaluate -1 - -4 - (-3 + (8 - 3)).
1
Evaluate -1 + (16 - 15) + 4 + -1.
3
(4 - 1) + (-7 - -5)
1
Calculate (-4 - (0 + -8)) + -5 + 5.
4
What is the value of -2 - -9 - 1 - (1 + 2)?
3
Evaluate 6 + (-16 - (-8 + 2)).
-4
What is the value of (-4 - (-9 + 0)) + (-9 - 0)?
-4
-5 + (0 - -2) - 0
-3
0 + -1 - (-4 + 2 + 6)
-5
What is 5 + -3 + 5 + 2 + -4?
5
Evaluate -3 - -4 - 5 - -2.
-2
What is the value of 1 + (-11 - -9) + 7?
6
-1 - (9 + -13 + 6)
-3
What is 30 + -32 + -3 + 0?
-5
Evaluate 0 - (-2 + 4 - 3).
1
What is 1 - -4 - -2 - (93 - 87)?
1
Calculate 0 - 0 - (-17 + 16).
1
(-4 - (-11 + 5)) + -2
0
What is (1 - 0 - 0) + (1 - 0)?
2
What is the value of 11 + -8 - (2 - (5 + -1))?
5
Calculate (-4 - 4) + (-1 - -3).
-6
Evaluate 3 - (-1 - 0 - 2 - -4).
2
What is 1 + 4 + (31 - 42) - -3?
-3
What is 5 + 3 + 7 + (-7 - 0)?
8
What is -2 + 8 - (-18 + 20) - 3?
1
Calculate (-11 - (-2 - 2) - -6) + -1.
-2
Calculate 14 - 19 - (-9 - 1) - 2.
3
What is -3 + 5 - (-2 - (-2 - 0))?
2
What is the value of (-6 - 3) + 3 + -2 + 3?
-5
-7 + 4 + 4 - 2
-1
(-3 - (2 + -4)) + 0
-1
Calculate -10 + -2 + 7 - (-7 + 1).
1
3 + -11 + 4 + 4 + -3
-3
Evaluate (-11 - -2) + 2 + 12 + -13.
-8
3 - (0 + 5 - 11)
9
What is the value of 8 + (-1 - 9) - 0?
-2
What is the value of (8 - 3) + -1 + (-5 - -2)?
1
Calculate -4 + 5 + (1 - 2).
0
Calculate -4 + (5 - (6 - (1 - -3))).
-1
7 - (-8 + (10 - 2))
7
Calculate 4 + (-1 - (2 + -7 - -4)).
4
What is (-2 - 5 - -7) + (0 - -1)?
1
Calculate 137 + -136 - (1 - -4).
-4
What is 49 + -43 + (-2 - (2 + -3))?
5
Calculate -14 + 13 + (1 - 0 - 0).
0
What is -3 + -2 + 5 + -3?
-3
What is (-63 - -66) + (-6 - 0)?
-3
What is the value of (1 - 5) + (2 - -3) + 3?
4
7 + (1 - 14) + 20 - 6
8
What is 3 + (-2 - (8 - (6 + -3)))?
-4
What is (15 - 3) + -23 + 0?
-11
What is -9 - (2 - -5 - 16)?
0
Calculate 3 + -1 + 2 + -5 + -2.
-3
1 + -2 + 2 - (-4 - -3)
2
Evaluate -4 - (-4 + 4 - (4 + 3)).
3
Calculate 13 + 6 + 12 + -22.
9
Evaluate -2 + (6 - (-1 + 3)).
2
Calculate 5 - (-8 + 5 - -3).
5
What is 1 + -1 - ((-5 - -1) + 0)?
4
0 + 3 - 3 - (0 + -5)
5
Calculate -1 - -3 - (1 - -1).
0
What is the value of 3 + 4 - (3 + 2 + -3)?
5
-2 - (10 + (8 - 12))
-8
What is 4 + (-1 - (-3 - 1)) - 3?
4
What is the value of -6 - (-1 + (-2 - -5) - 5)?
-3
What is (3 + -2 - 1) + 0 + 0?
0
Calculate 7 + -1 + -2 - 0.
4
What is 8 + (1 - (3 - -2))?
4
Evaluate -1 - (-1 - (-3 - -7)).
4
Calculate -2 + 2 + -3 + 6 + -1.
2
What is (1 - 5) + (5 + -9 - 3)?
-11
Evaluate 0 + (5 - 9) + 1 - -8.
5
What is -7 - (-2 + (-3 - -1)) - 5?
-8
Calculate 4 + (6 - 17) - -12 - 3.
2
What is the value of (13 - (1 - -4)) + (-5 - -1)?
4
Evaluate (-2 - (-1 + 0)) + (3 - 3).
-1
0 + -2 - (9 - 10)
-1
What is -5 - 0 - -7 - -4?
6
What is 6 - (0 + 1) - (55 - 51)?
1
What is the value of 1 + -10 - (13 - 17)?
-5
23 + -36 + 20 + (-7 - 0)
0
Calculate (3 + -2 - 4) + 4.
1
What is the value of (-9 - 7) + 16 + -7 + -3?
-10
Evaluate -1 + -1 + 3 + 3.
4
Calculate (-1 - 0) + (58 - 52).
5
What is the value of -23 + 31 - (1 + 14)?
-7
Evaluate 1 - (0 - 0) - (7 + -6).
0
What is 1 - 8 - (-6 + -3)?
2
Evaluate 3 - (-2 + (2 + 2 - 3)).
4
What is the value of 1 - (5 + -2 + 0)?
-2
What is -2 + 3 + (-3 - 0)?
-2
What is 2 + (0 + -2 - 4)?
-4
Evaluate 0 + -4 + 1 + 0.
-3
(15 - 4 - 9) + -6
-4
(27 - 30) + (1 - 0)
-2
What is the value of 2 + (5 - (3 - 1))?
5
-1 + -19 + 3 + 6
-11
Calculate 3 + 9 + -9 + -4.
-1
Evaluate 8 + -15 + (2 - -2).
-3
10 + -17 + 12 + 0
5
(6 - 9) + 0 + 8
5
3 + 0 + (-2 - (1 - 3))
3
Evaluate -6 - (-5 - (-3 + 0 + 0)).
-4
What is -5 + (2 - 2) - (8 - 16)?
3
Calculate -3 + (-17 + 14 - (-1 + 0)).
-5
Calculate 3 + (-4 - 4) + 7.
2
What is -3 + (15 - 4 - 3)?
5
What is the value of 3 - ((-1 - -7) + -7)?
4
What is the value of (-8 - (-7 - -4)) + -2 + 13?
6
What is the value of 6 + (-4 + (2 - -3) - 2)?
5
Evaluate 5 + 4 - (2 - -8).
-1
-7 + 2 - -10 - 5
0
-2 + 3 + -2 + (-7 - -10)
2
Calculate -2 - (0 - (-4 - -4)).
-2
What is 6 - 4 - (3 + (-1 - -1))?
-1
-1 - (1 + 1) - (8 - 15)
4
-8 + (9 - -1) + -6 + 1
-3
Evaluate -2 + 0 + 1 + -5.
-6
Evaluate 4 + (5 - 3) + -1 + 1.
6
What is the value of (-7 - 1) + 8 - (1 - 5)?
4
What is the value of -7 + (18 - 11) + 6?
6
What is the value of 1 + 0 + -3 + 0?
-2
-4 - (5 + (-1 - 4))
-4
What is the value of 7 - (11 - 6) - 4?
-2
What is the value of (6 - (3 + -4)) + -9?
-2
What is -5 + (7 - 18 - -15)?
-1
Evaluate -1 - -2 - (-16 - -19).
-2
What is -8 - (8 - (22 - 5))?
1
Calculate 12 + -24 + 12 - -3.
3
What is the value of 2 - (6 - 3) - 4?
-5
Calculate -5 - (5 + -2 + -9).
1
Evaluate -3 + 19 + -1 + -9.
6
(2 - -2) + 2 + -1
5
Evaluate 4 + (-3 - 1) + 3.
3
What is the value of -10 + 10 - (3 - 0)?
-3
Calculate 0 + (-3 - -2) + 3.
2
Calculate 3 + (7 - 3 - (12 - 4)).
-1
Evaluate -2 + 15 - (-2 - -11).
4
-6 - (-3 + (-2 - -4 - -1))
-6
Calculate (-5 - 0) + 90 + -90.
-5
Evaluate (10 - (7 + -8)) + -4.
7
Evaluate 0 + -1 - (-1 - 5).
5
Calculate (-11 - (-17 - 0)) + (2 - 6).
2
What is (10 - 21) + 5 + 1?
-5
Evaluate (7 - 3 - -1) + -5.
0
What is -1 - 5 - (-16 + 5 - -7)?
-2
Evaluate 0 + 11 + (9 - 7) + -4.
9
What is (5 - 10) + 5 - -2?
2
Evaluate 4 - 0 - (0 - (-2 - 1)).
1
What is the value of (2 - (7 + -6)) + 3?
4
Calculate 61 + -62 + -1 + 0.
-2
Calculate (-2 - -2 - 1) + (3 - 2).
0
5 - (3 + -1 + -2)
5
What is the value of -1 + 2 + (14 + 7 - 18)?
4
What is 0 + -2 + 2 - (0 - -3)?
-3
-2 + 5 + 0 + (-6 - -2)
-1
What is the value of (-7 - (-9 + -1)) + -12?
-9
Calculate -5 - -7 - (2 + 4).
-4
What is the value of -14 + (16 - -15) + (-8 - 0)?
9
What is the value of -6 + -1 + 4 - -2?
-1
-2 + -1 - (-12 + 5 + 3)
1
Evaluate 6 + 0 - (2 + -10 + 5).
9
Calculate -3 + (11 - 1) - 6.
1
Evaluate 9 + (2 - 14) + 5.
2
What is the value of (-7 - -1) + 6 + -6?
-6
What is 0 + 5 + -19 + 16 - 4?
-2
What is the value of -6 + 4 - (7 - (0 - -11))?
2
-10 - -10 - (2 - (2 + -5))
-5
What is the value of 0 + (10 - 5 - (6 - 2))?
1
-2 + 6 - (-4 + 3 + 1)
4
Evaluate 0 + (16 - (2 + 7)).
7
Calculate 1 + -3 - -7 - (2 - -1).
2
Evaluate 0 + (-5 - (0 + -5)).
0
3 - (-4 + 2 + 7)
-2
Evaluate -1 + -4 - (20 - 24).
-1
Evaluate 0 - -1 - (-11 + (22 - 12)).
2
Calculate 44 - 26 - (2 - -8).
8
2 - ((3 - 10) + 4)
5
What is the value of 3 - (1 - 4 - -1)?
5
What is 6 + -2 + 5 + 3 + -15?
-3
What is the value of -7 + 2 + 15 + -14?
-4
Calculate (-1 - 2) + (0 - (-10 - 0)).
7
Calculate 6 + (5 - 10) - 4.
-3
What is 1 - (7 - 0) - (-2 + -1)?
-3
What is -6 + (39 - 34) + (-6 - 0)?
-7
Evaluate 1 - -1 - (-13 - (3 + -10)).
8
Evaluate 2 + -1 + (-1 - -6 - 4).
2
Calculate 0 + (-2 - -1) + (-3 - 1).
-5
What is the value of -9 + 1 + 3 + 2?
-3
Evaluate (-4 - (-2 - (-2 - -3))) + -4.
-5
83 + -85 + -1 + -1 + 5
1
-1 - -2 - (-5 - -6) - -1
1
What is (11 - 24) + (9 - 2)?
-6
-7 + -4 + 4 + 4
-3
Calculate -3 + (-1 - -2) + 0.
-2
Calculate -6 - (-30 + 26 - (0 + -1)).
-3
What is the value of -9 - (-7 + (-7 - -6))?
-1
What is the value of (-20 - -13) + -5 + 8?
-4
What is 12 + -11 + (4 - 0)?
5
-10 + 5 - 2 - -6
-1
(12 - (1 + 6)) + 1
6
What is (2 - 1) + (-4 - (-3 - -3))?
-3
What is the value of 6 - (9 - 6 - 4)?
7
What is (2 - (2 - -1)) + -2?
-3
What is 0 - ((4 - 4) + -1 + -4)?
5
What is the value of 2 - (2 - 1) - (10 + -6)?
-3
What is -4 - (-1 - (-5 + 5)) - -2?
-1
-2 + 3 + 3 + 0 + -2
2
What is 5 + -3 + -3 